ors of 1037081?
1037081
List the prime factors of 225390.
2, 3, 5, 11, 683
What are the prime factors of 11173294?
2, 11, 29, 83, 211
List the prime factors of 106636.
2, 53, 503
What are the prime factors of 1671689?
1671689
What are the prime factors of 11756046?
2, 3, 853, 2297
List the prime factors of 35250943.
7, 13, 55339
What are the prime factors of 12089184?
2, 3, 125929
What are the prime factors of 7397589?
3, 41, 137, 439
What are the prime factors of 1276212?
2, 3, 7, 15193
List the prime factors of 574357.
7, 82051
List the prime factors of 454772.
2, 41, 47, 59
List the prime factors of 1987019.
47, 67, 631
List the prime factors of 284311.
284311
List the prime factors of 112833.
3, 7, 199
What are the prime factors of 2526530?
2, 5, 73, 3461
What are the prime factors of 603059?
263, 2293
List the prime factors of 400681.
400681
List the prime factors of 198645.
3, 5, 17, 19, 41
List the prime factors of 296167.
353, 839
What are the prime factors of 139794?
2, 3, 23, 1013
List the prime factors of 1072695.
3, 5, 13, 5501
What are the prime factors of 147812?
2, 7, 5279
What are the prime factors of 6653038?
2, 7, 47, 10111
What are the prime factors of 19111773?
3, 353, 18047
List the prime factors of 1763256.
2, 3, 11, 6679
What are the prime factors of 126481?
126481
List the prime factors of 18836146.
2, 7, 199, 6761
List the prime factors of 23527520.
2, 5, 147047
List the prime factors of 858042.
2, 3, 73, 653
What are the prime factors of 4411507?
4411507
What are the prime factors of 649799?
649799
What are the prime factors of 259293?
3, 19, 4549
What are the prime factors of 732187?
732187
List the prime factors of 7930286.
2, 7, 13, 43573
List the prime factors of 297642.
2, 3, 113, 439
List the prime factors of 42320.
2, 5, 23
List the prime factors of 3213956.
2, 31, 25919
What are the prime factors of 114662?
2, 57331
What are the prime factors of 72314?
2, 11, 19, 173
What are the prime factors of 14516734?
2, 743, 9769
List the prime factors of 41353.
13, 3181
List the prime factors of 17129.
7, 2447
List the prime factors of 283245.
3, 5, 23, 821
List the prime factors of 4058832.
2, 3, 84559
List the prime factors of 243267.
3, 131, 619
What are the prime factors of 52641?
3, 5849
List the prime factors of 482208.
2, 3, 5023
List the prime factors of 106842.
2, 3, 17807
List the prime factors of 8129128.
2, 7, 17, 8539
What are the prime factors of 11824466?
2, 2129, 2777
List the prime factors of 13964894.
2, 1973, 3539
List the prime factors of 3990908.
2, 997727
What are the prime factors of 15045477?
3, 137, 36607
What are the prime factors of 638291?
103, 6197
What are the prime factors of 14777555?
5, 13, 61, 3727
What are the prime factors of 762671?
7, 13, 17, 29
List the prime factors of 204344.
2, 7, 41, 89
List the prime factors of 280919.
43, 47, 139
List the prime factors of 10125484.
2, 2531371
What are the prime factors of 85586?
2, 42793
List the prime factors of 231005.
5, 47, 983
What are the prime factors of 930256?
2, 53, 1097
What are the prime factors of 621226?
2, 383, 811
What are the prime factors of 3955419?
3, 13, 59, 191
What are the prime factors of 122033?
122033
What are the prime factors of 8388801?
3, 29, 32141
What are the prime factors of 496634?
2, 248317
What are the prime factors of 653685?
3, 5, 43579
List the prime factors of 181393.
19, 9547
What are the prime factors of 3607805?
5, 721561
List the prime factors of 1582732.
2, 71, 5573
What are the prime factors of 9072409?
467, 19427
List the prime factors of 917700.
2, 3, 5, 7, 19, 23
List the prime factors of 418744.
2, 17, 3079
What are the prime factors of 9031126?
2, 13, 419, 829
List the prime factors of 5003652.
2, 3, 43, 9697
What are the prime factors of 6050567?
6050567
List the prime factors of 286614.
2, 3, 15923
List the prime factors of 903600.
2, 3, 5, 251
List the prime factors of 17265864.
2, 3, 7, 11, 9343
List the prime factors of 4999857.
3, 1666619
List the prime factors of 5719424.
2, 44683
What are the prime factors of 192247?
11, 17477
What are the prime factors of 1101405?
3, 5, 101, 727
What are the prime factors of 158513?
293, 541
What are the prime factors of 26465391?
3, 53, 113, 491
What are the prime factors of 21898378?
2, 10949189
What are the prime factors of 15230897?
11, 109, 12703
What are the prime factors of 10543680?
2, 3, 5, 7, 523
What are the prime factors of 79240?
2, 5, 7, 283
What are the prime factors of 2146966?
2, 227, 4729
What are the prime factors of 160725?
3, 5, 2143
What are the prime factors of 1292045?
5, 79, 3271
What are the prime factors of 418707?
3, 46523
List the prime factors of 274212.
2, 3, 2539
List the prime factors of 10353032.
2, 1294129
What are the prime factors of 604356?
2, 3, 50363
List the prime factors of 11692124.
2, 17, 139, 1237
List the prime factors of 28134800.
2, 5, 37, 1901
List the prime factors of 9500233.
41, 139, 1667
What are the prime factors of 1248569?
7, 83, 307
What are the prime factors of 164317?
37, 4441
List the prime factors of 214851.
3, 7, 13, 787
What are the prime factors of 331700?
2, 5, 31, 107
List the prime factors of 13759857.
3, 19, 67, 1201
What are the prime factors of 3927925?
5, 59, 2663
What are the prime factors of 628084?
2, 23, 6827
List the prime factors of 685.
5, 137
What are the prime factors of 6468427?
7, 347, 2663
List the prime factors of 387986.
2, 193993
List the prime factors of 338545.
5, 67709
What are the prime factors of 275957?
11, 25087
What are the prime factors of 33063633?
3, 79, 5167
List the prime factors of 4859672.
2, 661, 919
What are the prime factors of 730342?
2, 23, 15877
What are the prime factors of 520036?
2, 11, 53, 223
What are the prime factors of 64515?
3, 5, 11, 17, 23
List the prime factors of 227964.
2, 3, 11, 157
What are the prime factors of 18319126?
2, 7, 29, 45121
What are the prime factors of 3822169?
13, 294013
What are the prime factors of 6860373?
3, 13, 53, 3319
List the prime factors of 1542523.
1542523
List the prime factors of 437607.
3, 48623
List the prime factors of 506999.
506999
What are the prime factors of 8050541?
53, 151897
List the prime factors of 1235577.
3, 7, 17, 3461
List the prime factors of 42281.
42281
List the prime factors of 2865150.
2, 3, 5, 6367
List the prime factors of 2355865.
5, 471173
What are the prime factors of 17661219?
3, 929, 6337
List the prime factors of 218300.
2, 5, 37, 59
What are the prime factors of 781831?
19, 41149
List the prime factors of 243221.
11, 22111
List the prime factors of 1097001.
3, 121889
List the prime factors of 28498040.
2, 5, 103, 6917
What are the prime factors of 9294186?
2, 3, 11, 53, 2657
What are the prime factors of 247058?
2, 7, 2521
What are the prime factors of 2503450?
2, 5, 50069
List the prime factors of 9647111.
29, 11471
What are the prime factors of 16289323?
16289323
What are the prime factors of 7457596?
2, 1864399
List the prime factors of 26340339.
3, 8780113
List the prime factors of 4131527.
17, 243031
List the prime factors of 1668277.
13, 181, 709
List the prime factors of 286560.
2, 3, 5, 199
What are the prime factors of 1751424?
2, 3, 4561
What are the prime factors of 3198850?
2, 5, 63977
What are the prime factors of 2841093?
3, 315677
What are the prime factors of 14396784?
2, 3, 299933
What are the prime factors of 649006?
2, 324503
What are the prime factors of 626673?
3, 208891
List the prime factors of 24248.
2, 7, 433
List the prime factors of 252727.
252727
What are the prime factors of 285904?
2, 107, 167
List the prime factors of 1013360.
2, 5, 53, 239
List the prime factors of 2156844.
2, 3, 179737
What are the prime factors of 6380623?
6380623
What are the prime factors of 3452276?
2, 29, 29761
What are the prime factors of 2220665?
5, 83, 5351
List the prime factors of 306205.
5, 47, 1303
What are the prime factors of 25261107?
3, 23, 366103
What are the prime factors of 557893?
7, 79699
What are the prime factors of 10627072?
2, 5189
What are the prime factors of 4702791?
3, 79, 19843
List the prime factors of 1157745.
3, 5, 79, 977
What are the prime factors of 2420425?
5, 7, 13831
What are the prime factors of 2662654?
2, 1331327
What are the